de 79980?
True
Is 274 a factor of 354223?
False
Does 30 divide 38310?
True
Is 5935637 a multiple of 757?
True
Is 4460082 a multiple of 22?
True
Does 13 divide 144677?
True
Is 1515372 a multiple of 4?
True
Does 435 divide 3211605?
True
Is 235 a factor of 286230?
True
Does 263 divide 80741?
True
Does 47 divide 3724757?
False
Is 414 a factor of 7452?
True
Is 12060 a multiple of 1005?
True
Does 17 divide 5807859?
False
Is 94 a factor of 66368?
False
Is 866322 a multiple of 789?
True
Is 36 a factor of 3852?
True
Is 12816 a multiple of 4?
True
Is 1083325 a multiple of 122?
False
Is 5651400 a multiple of 1144?
False
Is 295152 a multiple of 143?
True
Is 119480 a multiple of 8?
True
Is 521 a factor of 83881?
True
Does 48 divide 3845149?
False
Does 123 divide 218582?
False
Does 11 divide 95293?
True
Is 463559 a multiple of 11?
False
Is 4 a factor of 1679415?
False
Is 181596 a multiple of 37?
True
Is 1984403 a multiple of 31?
True
Is 23 a factor of 1058652?
False
Does 650 divide 1601600?
True
Does 9 divide 2155107?
False
Does 4 divide 28339?
False
Is 1231860 a multiple of 10?
True
Is 512 a factor of 6645025?
False
Does 993 divide 3015741?
True
Is 37151 a multiple of 97?
True
Does 175 divide 164139?
False
Is 1000052 a multiple of 13?
False
Is 234040 a multiple of 5?
True
Is 15 a factor of 25246?
False
Is 3 a factor of 2330?
False
Is 2784 a factor of 10389158?
False
Does 69 divide 1401007?
False
Is 27 a factor of 13947?
False
Does 126 divide 338562?
True
Is 138 a factor of 26910?
True
Is 2491467 a multiple of 4?
False
Is 437550 a multiple of 150?
True
Is 821166 a multiple of 62?
False
Is 104 a factor of 156711?
False
Is 9 a factor of 33993?
True
Does 77 divide 485716?
True
Does 8 divide 4679707?
False
Is 788 a factor of 530392?
False
Does 95 divide 286103?
False
Is 419041 a multiple of 10?
False
Is 269150 a multiple of 5?
True
Is 18126560 a multiple of 16?
True
Is 77 a factor of 113223?
False
Is 9249408 a multiple of 18?
True
Is 1059772 a multiple of 275?
False
Is 27 a factor of 617679?
True
Is 20 a factor of 1246212?
False
Is 337852 a multiple of 24?
False
Is 227188 a multiple of 13?
True
Does 128 divide 115712?
True
Does 36 divide 5940?
True
Does 432 divide 124701?
False
Is 16099 a multiple of 68?
False
Is 270 a factor of 99630?
True
Does 879 divide 1060074?
True
Is 315018 a multiple of 22?
True
Is 49 a factor of 1676882?
False
Is 123784 a multiple of 19?
False
Is 29375 a multiple of 10?
False
Does 8 divide 53992?
True
Does 6 divide 3140130?
True
Is 605645 a multiple of 12?
False
Is 3 a factor of 1191955?
False
Does 1210 divide 2682570?
True
Is 41 a factor of 1721877?
True
Is 161091 a multiple of 8?
False
Is 79577 a multiple of 151?
True
Is 1236764 a multiple of 29?
False
Does 4 divide 96566?
False
Is 266553 a multiple of 82?
False
Is 90 a factor of 1440450?
True
Is 456 a factor of 93857?
False
Does 44 divide 468424?
True
Is 1902693 a multiple of 39?
True
Is 494736 a multiple of 11?
True
Is 348 a factor of 226248?
False
Is 7 a factor of 682726?
False
Does 7 divide 459785?
False
Is 61 a factor of 57480?
False
Is 1929695 a multiple of 115?
False
Does 150 divide 247201?
False
Is 49 a factor of 1922321?
False
Is 3 a factor of 4601?
False
Is 1924313 a multiple of 28?
False
Does 10 divide 1630880?
True
Is 710 a factor of 13953218?
False
Is 110 a factor of 245870?
False
Does 166 divide 1662490?
True
Does 3 divide 244701?
True
Does 6 divide 9976?
False
Does 95 divide 1117020?
False
Is 355 a factor of 1610448?
False
Is 1239743 a multiple of 285?
False
Is 449 a factor of 468662?
False
Does 107 divide 394794?
False
Is 151 a factor of 6212895?
True
Does 591 divide 4020573?
True
Is 913 a factor of 3076391?
False
Does 194 divide 70422?
True
Is 65238 even?
True
Is 135442 a multiple of 13?
False
Is 85 a factor of 1800113?
False
Does 5 divide 90560?
True
Does 85 divide 133163?
False
Is 143 a factor of 228800?
True
Does 11 divide 241967?
True
Does 848 divide 5109200?
True
Does 306 divide 652718?
False
Does 9 divide 40068?
True
Does 10 divide 222290?
True
Is 83 a factor of 7568?
False
Is 1177645 a multiple of 7?
True
Is 37827 a multiple of 7?
False
Is 40 a factor of 851600?
True
Does 302 divide 5041598?
False
Does 213 divide 198090?
True
Does 12 divide 4314660?
True
Is 32 a factor of 276896?
True
Is 84732 a multiple of 276?
True
Is 8193279 a multiple of 7?
False
Is 3 a factor of 1061596?
False
Does 120 divide 175871?
False
Does 33 divide 539451?
True
Is 20 a factor of 1756080?
True
Is 21 a factor of 11159106?
True
Is 46 a factor of 781034?
True
Is 28 a factor of 206925?
False
Is 101 a factor of 12903?
False
Is 158167 a multiple of 12?
False
Does 418 divide 9561?
False
Does 253 divide 2689773?
False
Does 5 divide 134793?
False
Does 570 divide 1746917?
False
Does 312 divide 109200?
True
Is 32 a factor of 18532?
False
Does 14 divide 835198?
True
Is 118006 a multiple of 104?
False
Does 54 divide 680562?
True
Is 241996 a multiple of 8?
False
Is 535 a factor of 2675?
True
Does 13 divide 78605?
False
Is 20 a factor of 5298885?
False
Does 152 divide 82688?
True
Does 82 divide 27768?
False
Does 13 divide 257386?
False
Is 11 a factor of 410560?
False
Is 602400 a multiple of 60?
True
Is 37 a factor of 67858?
True
Is 126 a factor of 2415707?
False
Is 14 a factor of 2232138?
False
Is 9 a factor of 96885?
True
Is 8 a factor of 105359?
False
Is 23 a factor of 4068248?
False
Is 26 a factor of 324506?
True
Is 726 a factor of 236676?
True
Is 286 a factor of 1054482?
True
Is 96 a factor of 505920?
True
Does 260 divide 594100?
True
Does 129 divide 2979126?
True
Is 155520 a multiple of 27?
True
Is 4 a factor of 89551?
False
Is 775970 a multiple of 13?
True
Is 95392 a multiple of 22?
True
Does 228 divide 87397?
False
Is 18808 a multiple of 160?
False
Is 60401 a multiple of 4?
False
Is 37814 a multiple of 37?
True
Does 6 divide 1543501?
False
Does 19 divide 3417644?
True
Is 23288741 a multiple of 17?
False
Is 3012402 a multiple of 733?
False
Is 17 a factor of 113594?
True
Is 6 a factor of 397597?
False
Does 994 divide 3478118?
False
Does 296 divide 9954184?
True
Does 115 divide 867445?
True
Does 12 divide 373377?
False
Is 2659318 a multiple of 818?
True
Is 652440 a multiple of 12?
True
Is 213 a factor of 415677?
False
Is 7620 a multiple of 120?
False
Is 10305 a multiple of 9?
True
Is 23 a factor of 314548?
True
Is 100764 a multiple of 10?
False
Is 291 a factor of 936530?
False
Is 947025 a multiple of 207?
True
Is 344 a factor of 486597?
False
Is 90 a factor of 50369?
False
Does 5 divide 351564?
False
Is 7543225 a multiple of 697?
False
Is 45 a factor of 90058?
False
Is 541 a factor of 31431018?
True
Is 18 a factor of 7917254?
False
Is 1201005 a multiple of 195?
True
Does 27 divide 177359?
False
Does 6 divide 372027?
False
Does 7 divide 4119085?
False
Is 2321000 a multiple of 220?
True
Is 69 a factor of 768220?
False
Does 7 divide 966924?
True
Is 529245 a multiple of 12?
False
Is 1909760 a multiple of 16?
True
Does 70 divide 12920110?
True
Is 6 a factor of 111612?
True
Does 78 divide 766903?
False
Is 10 a factor of 31327?
False
Does 10 divide 2078220?
True
Is 309 a factor of 1087371?
True
Is 330954 a multiple of 47?
False
Does 346 divide 7107311?
False
Does 27 divide 359713?
False
Does 432 divide 4882464?
True
Is 4 a factor of 118164?
True
Is 1135 a factor of 1241219?
False
Is 538464 a multiple of 32?
True
Is 33 a factor of 118244?
False
Is 11 a factor of 983147?
True
Is 3581816 a multiple of 167?
True
Is 1036032 a multiple of 114?
True
Does 255 divide 170085?
True
Is 7 a factor of 529570?
False
Is 18428 a multiple of 120?
False
Is 15 a factor of 21825?
True
Does 9 divide 233019?
True
Is 197462 a multiple of 10?
False
Is 297 a factor of 1169883?
True
Does 19 divide 1506954?
False
Is 980373 a multiple of 47?
True
Does 46 divide 1959278?
True
Does 350 divide 9249450?
True
Is 876480 a multiple of 240?
True
Is 65232 a multiple of 16?
True
Is 201080 a multiple of 22?
True
Does 11 divide 770032?
False
Does 608 divide 3784192?
True
Is 17 a factor of 213461?
False
Is 15 a factor of 7679025?
True
Is 168 a factor of 470232?
True
Is 282718 a multiple of 321?
False
Is 480216 a multiple of 66?
True
Is 75402 a multiple of 4?
False
Does 54 divide 15552?
True
Is 338239 a multiple of 11?
True
Is 202 a factor